{"id":36191,"date":"2023-07-14T12:01:00","date_gmt":"2023-07-14T12:01:02","guid":{"rendered":"https:\/\/listings.mybikeplan.ch\/?post_type=product&#038;p=36191"},"modified":"2023-07-18T09:07:53","modified_gmt":"2023-07-18T09:07:53","slug":"thule-kindersitz-yepp-2-maxi-light-blue","status":"publish","type":"product","link":"https:\/\/listings.mybikeplan.ch\/fr\/produit\/thule-kindersitz-yepp-2-maxi-light-blue\/","title":{"rendered":"Thule Si\u00e8ge d&rsquo;enfant Yepp 2 Maxi (GT) Light Blue"},"content":{"rendered":"<ul>\n<li>Montage rapide et ais\u00e9 du si\u00e8ge v\u00e9lo enfant sur votre porte-bagages arri\u00e8re<\/li>\n<li>Si\u00e8ge confortable qui absorbe les chocs<\/li>\n<li>Confort maximal pour l\u2019enfant et port ajustable et s\u00e9curis\u00e9 gr\u00e2ce au harnais \u00e0 5\u00a0points matelass\u00e9 et ajustable<\/li>\n<li>Boucle munie d\u2019une s\u00e9curit\u00e9 enfant<\/li>\n<li>Visibilit\u00e9 accrue gr\u00e2ce au r\u00e9flecteur int\u00e9gr\u00e9 et au point d\u2019attache pour \u00e9clairage de s\u00e9curit\u00e9<\/li>\n<li>Repose-pieds et sangles r\u00e9glables pour une adaptation parfaite \u00e0 la taille de l\u2019enfant<\/li>\n<li>Mat\u00e9riaux imperm\u00e9ables, faciles \u00e0 nettoyer et \u00e0 essuyer<\/li>\n<\/ul>\n","protected":false},"excerpt":{"rendered":"<p>Montage rapide et ais\u00e9 du si\u00e8ge v\u00e9lo enfant sur votre porte-bagages arri\u00e8re Si\u00e8ge confortable qui absorbe les chocs Confort maximal pour l\u2019enfant et port ajustable et s\u00e9curis\u00e9 gr\u00e2ce au harnais \u00e0 5\u00a0points matelass\u00e9 et ajustable Boucle munie d\u2019une s\u00e9curit\u00e9 enfant Visibilit\u00e9 accrue gr\u00e2ce au r\u00e9flecteur int\u00e9gr\u00e9 et au point d\u2019attache pour \u00e9clairage de s\u00e9curit\u00e9 Repose-pieds [&hellip;]<\/p>\n","protected":false},"featured_media":36197,"comment_status":"open","ping_status":"closed","template":"","meta":{"_acf_changed":false},"product_brand":[],"product_cat":[10084,10151,10080,10088],"product_tag":[],"class_list":{"0":"post-36191","1":"product","2":"type-product","3":"status-publish","4":"has-post-thumbnail","6":"product_cat-accessoires","7":"product_cat-marque-thule","8":"product_cat-mybikeplan","9":"product_cat-siege-pour-enfant","10":"pa_accessory-type-child-seat","11":"pa_brand-thule","12":"pa_max-weight-22-kg","13":"pa_sizes-uni-size-fr","15":"first","16":"instock","17":"shipping-taxable","18":"purchasable","19":"product-type-variable"},"acf":[],"yoast_head":"<!-- This site is optimized with the Yoast SEO plugin v24.5 - https:\/\/yoast.com\/wordpress\/plugins\/seo\/ -->\n<title>Thule Kindersitz Yepp 2 Maxi (GT)<\/title>\n<meta name=\"robots\" content=\"noindex, follow, max-snippet:-1, max-image-preview:large, max-video-preview:-1\" \/>\n<meta property=\"og:locale\" content=\"fr_FR\" \/>\n<meta property=\"og:type\" content=\"article\" \/>\n<meta property=\"og:title\" content=\"Thule Kindersitz Yepp 2 Maxi (GT)\" \/>\n<meta property=\"og:description\" content=\"Montage rapide et ais\u00e9 du si\u00e8ge v\u00e9lo enfant sur votre porte-bagages arri\u00e8re Si\u00e8ge confortable qui absorbe les chocs Confort maximal pour l\u2019enfant et port ajustable et s\u00e9curis\u00e9 gr\u00e2ce au harnais \u00e0 5\u00a0points matelass\u00e9 et ajustable Boucle munie d\u2019une s\u00e9curit\u00e9 enfant Visibilit\u00e9 accrue gr\u00e2ce au r\u00e9flecteur int\u00e9gr\u00e9 et au point d\u2019attache pour \u00e9clairage de s\u00e9curit\u00e9 Repose-pieds [&hellip;]\" \/>\n<meta property=\"og:url\" content=\"https:\/\/listings.mybikeplan.ch\/fr\/produit\/thule-kindersitz-yepp-2-maxi-light-blue\/\" \/>\n<meta property=\"og:site_name\" content=\"MyBikePlan\" \/>\n<meta property=\"article:modified_time\" content=\"2023-07-18T09:07:53+00:00\" \/>\n<meta property=\"og:image\" content=\"https:\/\/listings.mybikeplan.ch\/wp-content\/uploads\/2023\/07\/Thule-Kindersitz-Yepp-2-Maxi-Light-Blue.jpg\" \/>\n\t<meta property=\"og:image:width\" content=\"1000\" \/>\n\t<meta property=\"og:image:height\" content=\"1000\" \/>\n\t<meta property=\"og:image:type\" content=\"image\/jpeg\" \/>\n<meta name=\"twitter:card\" content=\"summary_large_image\" \/>\n<meta name=\"twitter:label1\" content=\"Dur\u00e9e de lecture estim\u00e9e\" \/>\n\t<meta name=\"twitter:data1\" content=\"1 minute\" \/>\n<script type=\"application\/ld+json\" class=\"yoast-schema-graph\">{\"@context\":\"https:\/\/schema.org\",\"@graph\":[{\"@type\":\"WebPage\",\"@id\":\"https:\/\/listings.mybikeplan.ch\/fr\/produit\/thule-kindersitz-yepp-2-maxi-light-blue\/\",\"url\":\"https:\/\/listings.mybikeplan.ch\/fr\/produit\/thule-kindersitz-yepp-2-maxi-light-blue\/\",\"name\":\"Thule Kindersitz Yepp 2 Maxi (GT)\",\"isPartOf\":{\"@id\":\"https:\/\/listings.mybikeplan.ch\/fr\/#website\"},\"primaryImageOfPage\":{\"@id\":\"https:\/\/listings.mybikeplan.ch\/fr\/produit\/thule-kindersitz-yepp-2-maxi-light-blue\/#primaryimage\"},\"image\":{\"@id\":\"https:\/\/listings.mybikeplan.ch\/fr\/produit\/thule-kindersitz-yepp-2-maxi-light-blue\/#primaryimage\"},\"thumbnailUrl\":\"https:\/\/listings.mybikeplan.ch\/wp-content\/uploads\/2023\/07\/Thule-Kindersitz-Yepp-2-Maxi-Light-Blue.jpg\",\"datePublished\":\"2023-07-14T12:01:02+00:00\",\"dateModified\":\"2023-07-18T09:07:53+00:00\",\"breadcrumb\":{\"@id\":\"https:\/\/listings.mybikeplan.ch\/fr\/produit\/thule-kindersitz-yepp-2-maxi-light-blue\/#breadcrumb\"},\"inLanguage\":\"fr-FR\",\"potentialAction\":[{\"@type\":\"ReadAction\",\"target\":[\"https:\/\/listings.mybikeplan.ch\/fr\/produit\/thule-kindersitz-yepp-2-maxi-light-blue\/\"]}]},{\"@type\":\"ImageObject\",\"inLanguage\":\"fr-FR\",\"@id\":\"https:\/\/listings.mybikeplan.ch\/fr\/produit\/thule-kindersitz-yepp-2-maxi-light-blue\/#primaryimage\",\"url\":\"https:\/\/listings.mybikeplan.ch\/wp-content\/uploads\/2023\/07\/Thule-Kindersitz-Yepp-2-Maxi-Light-Blue.jpg\",\"contentUrl\":\"https:\/\/listings.mybikeplan.ch\/wp-content\/uploads\/2023\/07\/Thule-Kindersitz-Yepp-2-Maxi-Light-Blue.jpg\",\"width\":1000,\"height\":1000,\"caption\":\"Thule Kindersitz Yepp 2 Maxi Light Blue\"},{\"@type\":\"BreadcrumbList\",\"@id\":\"https:\/\/listings.mybikeplan.ch\/fr\/produit\/thule-kindersitz-yepp-2-maxi-light-blue\/#breadcrumb\",\"itemListElement\":[{\"@type\":\"ListItem\",\"position\":1,\"name\":\"Home\",\"item\":\"https:\/\/listings.mybikeplan.ch\/fr\/home\/\"},{\"@type\":\"ListItem\",\"position\":2,\"name\":\"Thule Si\u00e8ge d&rsquo;enfant Yepp 2 Maxi (GT) Light Blue\"}]},{\"@type\":\"WebSite\",\"@id\":\"https:\/\/listings.mybikeplan.ch\/fr\/#website\",\"url\":\"https:\/\/listings.mybikeplan.ch\/fr\/\",\"name\":\"MyBikePlan\",\"description\":\"\",\"potentialAction\":[{\"@type\":\"SearchAction\",\"target\":{\"@type\":\"EntryPoint\",\"urlTemplate\":\"https:\/\/listings.mybikeplan.ch\/fr\/?s={search_term_string}\"},\"query-input\":{\"@type\":\"PropertyValueSpecification\",\"valueRequired\":true,\"valueName\":\"search_term_string\"}}],\"inLanguage\":\"fr-FR\"}]}<\/script>\n<!-- \/ Yoast SEO plugin. -->","yoast_head_json":{"title":"Thule Kindersitz Yepp 2 Maxi (GT)","robots":{"index":"noindex","follow":"follow","max-snippet":"max-snippet:-1","max-image-preview":"max-image-preview:large","max-video-preview":"max-video-preview:-1"},"og_locale":"fr_FR","og_type":"article","og_title":"Thule Kindersitz Yepp 2 Maxi (GT)","og_description":"Montage rapide et ais\u00e9 du si\u00e8ge v\u00e9lo enfant sur votre porte-bagages arri\u00e8re Si\u00e8ge confortable qui absorbe les chocs Confort maximal pour l\u2019enfant et port ajustable et s\u00e9curis\u00e9 gr\u00e2ce au harnais \u00e0 5\u00a0points matelass\u00e9 et ajustable Boucle munie d\u2019une s\u00e9curit\u00e9 enfant Visibilit\u00e9 accrue gr\u00e2ce au r\u00e9flecteur int\u00e9gr\u00e9 et au point d\u2019attache pour \u00e9clairage de s\u00e9curit\u00e9 Repose-pieds [&hellip;]","og_url":"https:\/\/listings.mybikeplan.ch\/fr\/produit\/thule-kindersitz-yepp-2-maxi-light-blue\/","og_site_name":"MyBikePlan","article_modified_time":"2023-07-18T09:07:53+00:00","og_image":[{"width":1000,"height":1000,"url":"https:\/\/listings.mybikeplan.ch\/wp-content\/uploads\/2023\/07\/Thule-Kindersitz-Yepp-2-Maxi-Light-Blue.jpg","type":"image\/jpeg"}],"twitter_card":"summary_large_image","twitter_misc":{"Dur\u00e9e de lecture estim\u00e9e":"1 minute"},"schema":{"@context":"https:\/\/schema.org","@graph":[{"@type":"WebPage","@id":"https:\/\/listings.mybikeplan.ch\/fr\/produit\/thule-kindersitz-yepp-2-maxi-light-blue\/","url":"https:\/\/listings.mybikeplan.ch\/fr\/produit\/thule-kindersitz-yepp-2-maxi-light-blue\/","name":"Thule Kindersitz Yepp 2 Maxi (GT)","isPartOf":{"@id":"https:\/\/listings.mybikeplan.ch\/fr\/#website"},"primaryImageOfPage":{"@id":"https:\/\/listings.mybikeplan.ch\/fr\/produit\/thule-kindersitz-yepp-2-maxi-light-blue\/#primaryimage"},"image":{"@id":"https:\/\/listings.mybikeplan.ch\/fr\/produit\/thule-kindersitz-yepp-2-maxi-light-blue\/#primaryimage"},"thumbnailUrl":"https:\/\/listings.mybikeplan.ch\/wp-content\/uploads\/2023\/07\/Thule-Kindersitz-Yepp-2-Maxi-Light-Blue.jpg","datePublished":"2023-07-14T12:01:02+00:00","dateModified":"2023-07-18T09:07:53+00:00","breadcrumb":{"@id":"https:\/\/listings.mybikeplan.ch\/fr\/produit\/thule-kindersitz-yepp-2-maxi-light-blue\/#breadcrumb"},"inLanguage":"fr-FR","potentialAction":[{"@type":"ReadAction","target":["https:\/\/listings.mybikeplan.ch\/fr\/produit\/thule-kindersitz-yepp-2-maxi-light-blue\/"]}]},{"@type":"ImageObject","inLanguage":"fr-FR","@id":"https:\/\/listings.mybikeplan.ch\/fr\/produit\/thule-kindersitz-yepp-2-maxi-light-blue\/#primaryimage","url":"https:\/\/listings.mybikeplan.ch\/wp-content\/uploads\/2023\/07\/Thule-Kindersitz-Yepp-2-Maxi-Light-Blue.jpg","contentUrl":"https:\/\/listings.mybikeplan.ch\/wp-content\/uploads\/2023\/07\/Thule-Kindersitz-Yepp-2-Maxi-Light-Blue.jpg","width":1000,"height":1000,"caption":"Thule Kindersitz Yepp 2 Maxi Light Blue"},{"@type":"BreadcrumbList","@id":"https:\/\/listings.mybikeplan.ch\/fr\/produit\/thule-kindersitz-yepp-2-maxi-light-blue\/#breadcrumb","itemListElement":[{"@type":"ListItem","position":1,"name":"Home","item":"https:\/\/listings.mybikeplan.ch\/fr\/home\/"},{"@type":"ListItem","position":2,"name":"Thule Si\u00e8ge d&rsquo;enfant Yepp 2 Maxi (GT) Light Blue"}]},{"@type":"WebSite","@id":"https:\/\/listings.mybikeplan.ch\/fr\/#website","url":"https:\/\/listings.mybikeplan.ch\/fr\/","name":"MyBikePlan","description":"","potentialAction":[{"@type":"SearchAction","target":{"@type":"EntryPoint","urlTemplate":"https:\/\/listings.mybikeplan.ch\/fr\/?s={search_term_string}"},"query-input":{"@type":"PropertyValueSpecification","valueRequired":true,"valueName":"search_term_string"}}],"inLanguage":"fr-FR"}]}},"_links":{"self":[{"href":"https:\/\/listings.mybikeplan.ch\/fr\/wp-json\/wp\/v2\/product\/36191","targetHints":{"allow":["GET"]}}],"collection":[{"href":"https:\/\/listings.mybikeplan.ch\/fr\/wp-json\/wp\/v2\/product"}],"about":[{"href":"https:\/\/listings.mybikeplan.ch\/fr\/wp-json\/wp\/v2\/types\/product"}],"replies":[{"embeddable":true,"href":"https:\/\/listings.mybikeplan.ch\/fr\/wp-json\/wp\/v2\/comments?post=36191"}],"wp:featuredmedia":[{"embeddable":true,"href":"https:\/\/listings.mybikeplan.ch\/fr\/wp-json\/wp\/v2\/media\/36197"}],"wp:attachment":[{"href":"https:\/\/listings.mybikeplan.ch\/fr\/wp-json\/wp\/v2\/media?parent=36191"}],"wp:term":[{"taxonomy":"product_brand","embeddable":true,"href":"https:\/\/listings.mybikeplan.ch\/fr\/wp-json\/wp\/v2\/product_brand?post=36191"},{"taxonomy":"product_cat","embeddable":true,"href":"https:\/\/listings.mybikeplan.ch\/fr\/wp-json\/wp\/v2\/product_cat?post=36191"},{"taxonomy":"product_tag","embeddable":true,"href":"https:\/\/listings.mybikeplan.ch\/fr\/wp-json\/wp\/v2\/product_tag?post=36191"}],"curies":[{"name":"wp","href":"https:\/\/api.w.org\/{rel}","templated":true}]}}

Thule Siège d&rsquo;enfant Yepp 2 Maxi (GT) Light Blue

<ul>
<li>Montage rapide et aisé du siège vélo enfant sur votre porte-bagages arrière</li>
<li>Siège confortable qui absorbe les chocs</li>
<li>Confort maximal pour l’enfant et port ajustable et sécurisé grâce au harnais à 5 points matelassé et ajustable</li>
<li>Boucle munie d’une sécurité enfant</li>
<li>Visibilité accrue grâce au réflecteur intégré et au point d’attache pour éclairage de sécurité</li>
<li>Repose-pieds et sangles réglables pour une adaptation parfaite à la taille de l’enfant</li>
<li>Matériaux imperméables, faciles à nettoyer et à essuyer</li>
</ul>

<p>Montage rapide et aisé du siège vélo enfant sur votre porte-bagages arrière Siège confortable qui absorbe les chocs Confort maximal pour l’enfant et port ajustable et sécurisé grâce au harnais à 5 points matelassé et ajustable Boucle munie d’une sécurité enfant Visibilité accrue grâce au réflecteur intégré et au point d’attache pour éclairage de sécurité Repose-pieds [&hellip;]</p>

<!-- This site is optimized with the Yoast SEO plugin v24.5 - https://yoast.com/wordpress/plugins/seo/ -->
<title>Thule Kindersitz Yepp 2 Maxi (GT)</title>
<meta name="robots" content="noindex, follow, max-snippet:-1, max-image-preview:large, max-video-preview:-1" />
<meta property="og:locale" content="fr_FR" />
<meta property="og:type" content="article" />
<meta property="og:title" content="Thule Kindersitz Yepp 2 Maxi (GT)" />
<meta property="og:description" content="Montage rapide et aisé du siège vélo enfant sur votre porte-bagages arrière Siège confortable qui absorbe les chocs Confort maximal pour l’enfant et port ajustable et sécurisé grâce au harnais à 5 points matelassé et ajustable Boucle munie d’une sécurité enfant Visibilité accrue grâce au réflecteur intégré et au point d’attache pour éclairage de sécurité Repose-pieds [&hellip;]" />
<meta property="og:url" content="https://listings.mybikeplan.ch/fr/produit/thule-kindersitz-yepp-2-maxi-light-blue/" />
<meta property="og:site_name" content="MyBikePlan" />
<meta property="article:modified_time" content="2023-07-18T09:07:53+00:00" />
<meta property="og:image" content="https://listings.mybikeplan.ch/wp-content/uploads/2023/07/Thule-Kindersitz-Yepp-2-Maxi-Light-Blue.jpg" />
	<meta property="og:image:width" content="1000" />
	<meta property="og:image:height" content="1000" />
	<meta property="og:image:type" content="image/jpeg" />
<meta name="twitter:card" content="summary_large_image" />
<meta name="twitter:label1" content="Durée de lecture estimée" />
	<meta name="twitter:data1" content="1 minute" />
<script type="application/ld+json" class="yoast-schema-graph">{"@context":"https://schema.org","@graph":[{"@type":"WebPage","@id":"https://listings.mybikeplan.ch/fr/produit/thule-kindersitz-yepp-2-maxi-light-blue/","url":"https://listings.mybikeplan.ch/fr/produit/thule-kindersitz-yepp-2-maxi-light-blue/","name":"Thule Kindersitz Yepp 2 Maxi (GT)","isPartOf":{"@id":"https://listings.mybikeplan.ch/fr/#website"},"primaryImageOfPage":{"@id":"https://listings.mybikeplan.ch/fr/produit/thule-kindersitz-yepp-2-maxi-light-blue/#primaryimage"},"image":{"@id":"https://listings.mybikeplan.ch/fr/produit/thule-kindersitz-yepp-2-maxi-light-blue/#primaryimage"},"thumbnailUrl":"https://listings.mybikeplan.ch/wp-content/uploads/2023/07/Thule-Kindersitz-Yepp-2-Maxi-Light-Blue.jpg","datePublished":"2023-07-14T12:01:02+00:00","dateModified":"2023-07-18T09:07:53+00:00","breadcrumb":{"@id":"https://listings.mybikeplan.ch/fr/produit/thule-kindersitz-yepp-2-maxi-light-blue/#breadcrumb"},"inLanguage":"fr-FR","potentialAction":[{"@type":"ReadAction","target":["https://listings.mybikeplan.ch/fr/produit/thule-kindersitz-yepp-2-maxi-light-blue/"]}]},{"@type":"ImageObject","inLanguage":"fr-FR","@id":"https://listings.mybikeplan.ch/fr/produit/thule-kindersitz-yepp-2-maxi-light-blue/#primaryimage","url":"https://listings.mybikeplan.ch/wp-content/uploads/2023/07/Thule-Kindersitz-Yepp-2-Maxi-Light-Blue.jpg","contentUrl":"https://listings.mybikeplan.ch/wp-content/uploads/2023/07/Thule-Kindersitz-Yepp-2-Maxi-Light-Blue.jpg","width":1000,"height":1000,"caption":"Thule Kindersitz Yepp 2 Maxi Light Blue"},{"@type":"BreadcrumbList","@id":"https://listings.mybikeplan.ch/fr/produit/thule-kindersitz-yepp-2-maxi-light-blue/#breadcrumb","itemListElement":[{"@type":"ListItem","position":1,"name":"Home","item":"https://listings.mybikeplan.ch/fr/home/"},{"@type":"ListItem","position":2,"name":"Thule Siège d&rsquo;enfant Yepp 2 Maxi (GT) Light Blue"}]},{"@type":"WebSite","@id":"https://listings.mybikeplan.ch/fr/#website","url":"https://listings.mybikeplan.ch/fr/","name":"MyBikePlan","description":"","potentialAction":[{"@type":"SearchAction","target":{"@type":"EntryPoint","urlTemplate":"https://listings.mybikeplan.ch/fr/?s={search_term_string}"},"query-input":{"@type":"PropertyValueSpecification","valueRequired":true,"valueName":"search_term_string"}}],"inLanguage":"fr-FR"}]}</script>
<!-- / Yoast SEO plugin. -->

Montage rapide et aisé du siège vélo enfant sur votre porte-bagages arrière Siège confortable qui absorbe les chocs Confort maximal pour l’enfant et port ajustable et sécurisé grâce au harnais à 5 points matelassé et ajustable Boucle munie d’une sécurité enfant Visibilité accrue grâce au réflecteur intégré et au point d’attache pour éclairage de sécurité Repose-pieds [&hellip;]
